{"id":39,"date":"2022-05-20T13:30:06","date_gmt":"2022-05-20T13:30:06","guid":{"rendered":"https:\/\/nein-zum-gewerbegebiet-sasserath.de\/?page_id=39"},"modified":"2022-06-19T09:16:56","modified_gmt":"2022-06-19T09:16:56","slug":"medien","status":"publish","type":"page","link":"https:\/\/nein-zum-gewerbegebiet-sasserath.de\/index.php\/medien\/","title":{"rendered":"Medien"},"content":{"rendered":"\n<div class=\"wp-block-columns alignwide is-layout-flex wp-container-core-columns-is-layout-28f84493 wp-block-columns-is-layout-flex\">\n<div class=\"wp-block-column alignwide is-layout-flow wp-block-column-is-layout-flow\" style=\"flex-basis:20%\">\n<p class=\"has-small-font-size\">25.02.2022<br><strong>Absender<\/strong>: <br>Heimatverein Schaan<br><strong>Empf\u00e4nger<\/strong>:<br>Bezirksregierung D\u00fcsseldorf<br>Stadt M\u00f6nchengladbach<br>Stadt J\u00fcchen<\/p>\n<\/div>\n\n\n\n<div class=\"wp-block-column is-vertically-aligned-center is-layout-flow wp-block-column-is-layout-flow\" style=\"flex-basis:80%\">\n<div class=\"wp-block-file alignright\"><a id=\"wp-block-file--media-97342ef4-2de4-4f05-8dc5-46e64afce486\" href=\"https:\/\/nein-zum-gewerbegebiet-sasserath.de\/wp-content\/uploads\/2022\/05\/Anmerkungen-Gewerbegebiet-Sasserath_SchaanHeimatverein.pdf\" target=\"_blank\" rel=\"noreferrer noopener\">Anmerkungen-Gewerbegebiet-Sasserath_SchaanHeimatverein<\/a><a href=\"https:\/\/nein-zum-gewerbegebiet-sasserath.de\/wp-content\/uploads\/2022\/05\/Anmerkungen-Gewerbegebiet-Sasserath_SchaanHeimatverein.pdf\" class=\"wp-block-file__button\" download aria-describedby=\"wp-block-file--media-97342ef4-2de4-4f05-8dc5-46e64afce486\">Herunterladen<\/a><\/div>\n<\/div>\n<\/div>\n\n\n\n<hr class=\"wp-block-separator has-alpha-channel-opacity is-style-wide alignwide\"\/>\n\n\n\n<div class=\"wp-block-columns alignwide is-layout-flex wp-container-core-columns-is-layout-28f84493 wp-block-columns-is-layout-flex\">\n<div class=\"wp-block-column alignwide is-layout-flow wp-block-column-is-layout-flow\" style=\"flex-basis:33.33%\">\n<p class=\"has-small-font-size\">14.03.2022<br><strong>Absender<\/strong>: <br>Grundbesitzer<br><strong>Empf\u00e4nger<\/strong>:<br>Bezirksregierung D\u00fcsseldorf<br>Stadt M\u00f6nchengladbach<br>Stadt J\u00fcchen<br><\/p>\n<\/div>\n\n\n\n<div class=\"wp-block-column is-vertically-aligned-center is-layout-flow wp-block-column-is-layout-flow\" style=\"flex-basis:66.66%\">\n<div class=\"wp-block-file alignright\"><a id=\"wp-block-file--media-97342ef4-2de4-4f05-8dc5-46e64afce486\" href=\"https:\/\/nein-zum-gewerbegebiet-sasserath.de\/wp-content\/uploads\/2022\/05\/220314Grundbesitzer_3.pdf\">220314Grundbesitzer_3<\/a><a href=\"https:\/\/nein-zum-gewerbegebiet-sasserath.de\/wp-content\/uploads\/2022\/05\/220314Grundbesitzer_3.pdf\" class=\"wp-block-file__button\" download aria-describedby=\"wp-block-file--media-97342ef4-2de4-4f05-8dc5-46e64afce486\">Herunterladen<\/a><\/div>\n<\/div>\n<\/div>\n\n\n\n<hr class=\"wp-block-separator has-alpha-channel-opacity is-style-wide alignwide\"\/>\n\n\n\n<div class=\"wp-block-columns alignwide is-layout-flex wp-container-core-columns-is-layout-28f84493 wp-block-columns-is-layout-flex\">\n<div class=\"wp-block-column alignwide is-layout-flow wp-block-column-is-layout-flow\" style=\"flex-basis:33.33%\">\n<p class=\"has-small-font-size\">26.03.2022<br><strong>Absender<\/strong>: <br>Heimatverein Schaan<br><strong>Empf\u00e4nger<\/strong>:<br>TopKurier<br><\/p>\n<\/div>\n\n\n\n<div class=\"wp-block-column is-vertically-aligned-center is-layout-flow wp-block-column-is-layout-flow\" style=\"flex-basis:66.66%\">\n<div class=\"wp-block-file alignright\"><a id=\"wp-block-file--media-97342ef4-2de4-4f05-8dc5-46e64afce486\" href=\"https:\/\/nein-zum-gewerbegebiet-sasserath.de\/wp-content\/uploads\/2022\/05\/Leserbrief_GewerbegebietSasserath_FDP.pdf\">Leserbrief_GewerbegebietSasserath_FDP<\/a><a href=\"https:\/\/nein-zum-gewerbegebiet-sasserath.de\/wp-content\/uploads\/2022\/05\/Leserbrief_GewerbegebietSasserath_FDP.pdf\" class=\"wp-block-file__button\" download aria-describedby=\"wp-block-file--media-97342ef4-2de4-4f05-8dc5-46e64afce486\">Herunterladen<\/a><\/div>\n<\/div>\n<\/div>\n\n\n\n<hr class=\"wp-block-separator has-alpha-channel-opacity is-style-wide alignwide\"\/>\n\n\n\n<div class=\"wp-block-columns alignwide is-layout-flex wp-container-core-columns-is-layout-28f84493 wp-block-columns-is-layout-flex\">\n<div class=\"wp-block-column alignwide is-layout-flow wp-block-column-is-layout-flow\" style=\"flex-basis:33.33%\">\n<p class=\"has-small-font-size\">20.04.2022<br><strong>Absender<\/strong>: <br>Heimatverein Schaan<br><strong>Empf\u00e4nger<\/strong>:<br>Bezirksregierung D\u00fcsseldorf<br>Stadt M\u00f6nchengladbach<br>Stadt J\u00fcchen<br>Regionalrat<br><\/p>\n<\/div>\n\n\n\n<div class=\"wp-block-column is-vertically-aligned-center is-layout-flow wp-block-column-is-layout-flow\" style=\"flex-basis:66.66%\">\n<div class=\"wp-block-file alignright\"><a id=\"wp-block-file--media-97342ef4-2de4-4f05-8dc5-46e64afce486\" href=\"https:\/\/nein-zum-gewerbegebiet-sasserath.de\/wp-content\/uploads\/2022\/05\/Politik-ignoriert-Buergerinteressen-und-Umweltschutz.pdf\">Politik-ignoriert-Buergerinteressen-und-Umweltschutz<\/a><a href=\"https:\/\/nein-zum-gewerbegebiet-sasserath.de\/wp-content\/uploads\/2022\/05\/Politik-ignoriert-Buergerinteressen-und-Umweltschutz.pdf\" class=\"wp-block-file__button\" download aria-describedby=\"wp-block-file--media-97342ef4-2de4-4f05-8dc5-46e64afce486\">Herunterladen<\/a><\/div>\n<\/div>\n<\/div>\n\n\n\n<hr class=\"wp-block-separator has-alpha-channel-opacity is-style-wide alignwide\"\/>\n\n\n\n<div class=\"wp-block-columns alignwide is-layout-flex wp-container-core-columns-is-layout-28f84493 wp-block-columns-is-layout-flex\">\n<div class=\"wp-block-column alignwide is-layout-flow wp-block-column-is-layout-flow\" style=\"flex-basis:33.33%\">\n<p class=\"has-small-font-size\">01.05.2022<br><strong>Absender<\/strong>: <br>Heimatverein Schaan<br><strong>Empf\u00e4nger<\/strong>:<br>Bezirksregierung D\u00fcsseldorf<br>Stadt M\u00f6nchengladbach<br>Stadt J\u00fcchen<br>Regionalrat<br><\/p>\n<\/div>\n\n\n\n<div class=\"wp-block-column is-vertically-aligned-center is-layout-flow wp-block-column-is-layout-flow\" style=\"flex-basis:66.66%\">\n<div class=\"wp-block-file alignright\"><a id=\"wp-block-file--media-97342ef4-2de4-4f05-8dc5-46e64afce486\" href=\"https:\/\/nein-zum-gewerbegebiet-sasserath.de\/wp-content\/uploads\/2022\/05\/Nachgefragt_Stadt-Juechen.pdf\">Nachgefragt_Stadt-Juechen<\/a><a href=\"https:\/\/nein-zum-gewerbegebiet-sasserath.de\/wp-content\/uploads\/2022\/05\/Nachgefragt_Stadt-Juechen.pdf\" class=\"wp-block-file__button\" download aria-describedby=\"wp-block-file--media-97342ef4-2de4-4f05-8dc5-46e64afce486\">Herunterladen<\/a><\/div>\n<\/div>\n<\/div>\n\n\n\n<hr class=\"wp-block-separator has-alpha-channel-opacity is-style-wide alignwide\"\/>\n\n\n\n<div class=\"wp-block-columns alignwide is-layout-flex wp-container-core-columns-is-layout-28f84493 wp-block-columns-is-layout-flex\">\n<div class=\"wp-block-column alignwide is-layout-flow wp-block-column-is-layout-flow\" style=\"flex-basis:33.33%\">\n<p class=\"has-small-font-size\">06.05.2022<br><strong>Gr\u00fcndungsveranstaltung der B\u00fcrgerinitiative<\/strong> <br><br><\/p>\n<\/div>\n\n\n\n<div class=\"wp-block-column is-vertically-aligned-center is-layout-flow wp-block-column-is-layout-flow\" style=\"flex-basis:66.66%\">\n<div class=\"wp-block-file alignright\"><a id=\"wp-block-file--media-97342ef4-2de4-4f05-8dc5-46e64afce486\" href=\"https:\/\/nein-zum-gewerbegebiet-sasserath.de\/wp-content\/uploads\/2022\/06\/Gruendungsprotokoll_BI_Sasserath.pdf\" target=\"_blank\" rel=\"noreferrer noopener\">Gruendungsprotokoll_BI_Sasserath<\/a><a href=\"https:\/\/nein-zum-gewerbegebiet-sasserath.de\/wp-content\/uploads\/2022\/06\/Gruendungsprotokoll_BI_Sasserath.pdf\" class=\"wp-block-file__button\" download aria-describedby=\"wp-block-file--media-97342ef4-2de4-4f05-8dc5-46e64afce486\">Herunterladen<\/a><\/div>\n<\/div>\n<\/div>\n\n\n\n<hr class=\"wp-block-separator has-alpha-channel-opacity is-style-wide alignwide\"\/>\n\n\n\n<div class=\"wp-block-columns alignwide is-layout-flex wp-container-core-columns-is-layout-28f84493 wp-block-columns-is-layout-flex\">\n<div class=\"wp-block-column alignwide is-layout-flow wp-block-column-is-layout-flow\" style=\"flex-basis:33.33%\">\n<p class=\"has-small-font-size\">09.05.2022<br><strong>Absender<\/strong>: <br>Heimatverein Schaan<br><strong>Empf\u00e4nger<\/strong>:<br>Stadt J\u00fcchen<br><\/p>\n<\/div>\n\n\n\n<div class=\"wp-block-column is-vertically-aligned-center is-layout-flow wp-block-column-is-layout-flow\" style=\"flex-basis:66.66%\">\n<div class=\"wp-block-file alignright\"><a id=\"wp-block-file--media-97342ef4-2de4-4f05-8dc5-46e64afce486\" href=\"https:\/\/nein-zum-gewerbegebiet-sasserath.de\/wp-content\/uploads\/2022\/05\/OffenerBrief_2022_05_09.pdf\">OffenerBrief_2022_05_09<\/a><a href=\"https:\/\/nein-zum-gewerbegebiet-sasserath.de\/wp-content\/uploads\/2022\/05\/OffenerBrief_2022_05_09.pdf\" class=\"wp-block-file__button\" download aria-describedby=\"wp-block-file--media-97342ef4-2de4-4f05-8dc5-46e64afce486\">Herunterladen<\/a><\/div>\n<\/div>\n<\/div>\n\n\n\n<hr class=\"wp-block-separator has-alpha-channel-opacity is-style-wide alignwide\"\/>\n\n\n\n<div class=\"wp-block-columns alignwide is-layout-flex wp-container-core-columns-is-layout-28f84493 wp-block-columns-is-layout-flex\">\n<div class=\"wp-block-column alignwide is-layout-flow wp-block-column-is-layout-flow\" style=\"flex-basis:33.33%\">\n<p class=\"has-small-font-size\">01.06.2022<br><strong>Absender<\/strong>: <br>Heimatverein Schaan<br><strong>Empf\u00e4nger<\/strong>:<br>Stadt J\u00fcchen<br><\/p>\n<\/div>\n\n\n\n<div class=\"wp-block-column is-vertically-aligned-center is-layout-flow wp-block-column-is-layout-flow\" style=\"flex-basis:66.66%\">\n<div class=\"wp-block-file alignright\"><a id=\"wp-block-file--media-97342ef4-2de4-4f05-8dc5-46e64afce486\" href=\"https:\/\/nein-zum-gewerbegebiet-sasserath.de\/wp-content\/uploads\/2022\/06\/Nachgefragt_Erinnerung.pdf\">Nachgefragt_Erinnerung<\/a><a href=\"https:\/\/nein-zum-gewerbegebiet-sasserath.de\/wp-content\/uploads\/2022\/06\/Nachgefragt_Erinnerung.pdf\" class=\"wp-block-file__button\" download aria-describedby=\"wp-block-file--media-97342ef4-2de4-4f05-8dc5-46e64afce486\">Herunterladen<\/a><\/div>\n<\/div>\n<\/div>\n\n\n\n<hr class=\"wp-block-separator has-alpha-channel-opacity is-style-wide alignwide\"\/>\n\n\n\n<div class=\"wp-block-columns alignwide is-layout-flex wp-container-core-columns-is-layout-28f84493 wp-block-columns-is-layout-flex\">\n<div class=\"wp-block-column alignwide is-layout-flow wp-block-column-is-layout-flow\" style=\"flex-basis:33.33%\">\n<p class=\"has-small-font-size\">16.06.2022<br><strong>Absender<\/strong>: <br>Heimatverein Schaan<br><strong>Empf\u00e4nger<\/strong>:<br>Bezirksregierung D\u00fcsseldorf<br>Frau Regierungspr\u00e4sidentin Radermacher<\/p>\n\n\n\n<p class=\"has-small-font-size\"><br><\/p>\n<\/div>\n\n\n\n<div class=\"wp-block-column is-vertically-aligned-center is-layout-flow wp-block-column-is-layout-flow\" style=\"flex-basis:66.66%\">\n<div class=\"wp-block-file alignright\"><a id=\"wp-block-file--media-97342ef4-2de4-4f05-8dc5-46e64afce486\" href=\"https:\/\/nein-zum-gewerbegebiet-sasserath.de\/wp-content\/uploads\/2022\/06\/Schreiben_Frau_Radermacher.pdf\">Schreiben_Frau_Radermacher<\/a><a href=\"https:\/\/nein-zum-gewerbegebiet-sasserath.de\/wp-content\/uploads\/2022\/06\/Schreiben_Frau_Radermacher.pdf\" class=\"wp-block-file__button\" download aria-describedby=\"wp-block-file--media-97342ef4-2de4-4f05-8dc5-46e64afce486\">Herunterladen<\/a><\/div>\n<\/div>\n<\/div>\n","protected":false},"excerpt":{"rendered":"<p>25.02.2022Absender: Heimatverein SchaanEmpf\u00e4nger:Bezirksregierung D\u00fcsseldorfStadt M\u00f6nchengladbachStadt J\u00fcchen 14.03.2022Absender: GrundbesitzerEmpf\u00e4nger:Bezirksregierung D\u00fcsseldorfStadt M\u00f6nchengladbachStadt J\u00fcchen 26.03.2022Absender: Heimatverein SchaanEmpf\u00e4nger:TopKurier 20.04.2022Absender: Heimatverein SchaanEmpf\u00e4nger:Bezirksregierung D\u00fcsseldorfStadt M\u00f6nchengladbachStadt J\u00fcchenRegionalrat 01.05.2022Absender: Heimatverein SchaanEmpf\u00e4nger:Bezirksregierung D\u00fcsseldorfStadt M\u00f6nchengladbachStadt J\u00fcchenRegionalrat 06.05.2022Gr\u00fcndungsveranstaltung der B\u00fcrgerinitiative 09.05.2022Absender: Heimatverein SchaanEmpf\u00e4nger:Stadt J\u00fcchen 01.06.2022Absender: Heimatverein SchaanEmpf\u00e4nger:Stadt J\u00fcchen 16.06.2022Absender: Heimatverein SchaanEmpf\u00e4nger:Bezirksregierung D\u00fcsseldorfFrau Regierungspr\u00e4sidentin Radermacher<\/p>\n","protected":false},"author":1,"featured_media":0,"parent":0,"menu_order":4,"comment_status":"closed","ping_status":"closed","template":"","meta":{"footnotes":""},"class_list":["post-39","page","type-page","status-publish","hentry"],"yoast_head":"<!-- This site is optimized with the Yoast SEO plugin v27.3 - https:\/\/yoast.com\/product\/yoast-seo-wordpress\/ -->\n<title>Medien - Nein zum Gewerbegebiet Sasserath<\/title>\n<meta name=\"robots\" content=\"index, follow, max-snippet:-1, max-image-preview:large, max-video-preview:-1\" \/>\n<link rel=\"canonical\" href=\"https:\/\/nein-zum-gewerbegebiet-sasserath.de\/index.php\/medien\/\" \/>\n<meta property=\"og:locale\" content=\"de_DE\" \/>\n<meta property=\"og:type\" content=\"article\" \/>\n<meta property=\"og:title\" content=\"Medien - Nein zum Gewerbegebiet Sasserath\" \/>\n<meta property=\"og:description\" content=\"25.02.2022Absender: Heimatverein SchaanEmpf\u00e4nger:Bezirksregierung D\u00fcsseldorfStadt M\u00f6nchengladbachStadt J\u00fcchen 14.03.2022Absender: GrundbesitzerEmpf\u00e4nger:Bezirksregierung D\u00fcsseldorfStadt M\u00f6nchengladbachStadt J\u00fcchen 26.03.2022Absender: Heimatverein SchaanEmpf\u00e4nger:TopKurier 20.04.2022Absender: Heimatverein SchaanEmpf\u00e4nger:Bezirksregierung D\u00fcsseldorfStadt M\u00f6nchengladbachStadt J\u00fcchenRegionalrat 01.05.2022Absender: Heimatverein SchaanEmpf\u00e4nger:Bezirksregierung D\u00fcsseldorfStadt M\u00f6nchengladbachStadt J\u00fcchenRegionalrat 06.05.2022Gr\u00fcndungsveranstaltung der B\u00fcrgerinitiative 09.05.2022Absender: Heimatverein SchaanEmpf\u00e4nger:Stadt J\u00fcchen 01.06.2022Absender: Heimatverein SchaanEmpf\u00e4nger:Stadt J\u00fcchen 16.06.2022Absender: Heimatverein SchaanEmpf\u00e4nger:Bezirksregierung D\u00fcsseldorfFrau Regierungspr\u00e4sidentin Radermacher\" \/>\n<meta property=\"og:url\" content=\"https:\/\/nein-zum-gewerbegebiet-sasserath.de\/index.php\/medien\/\" \/>\n<meta property=\"og:site_name\" content=\"Nein zum Gewerbegebiet Sasserath\" \/>\n<meta property=\"article:modified_time\" content=\"2022-06-19T09:16:56+00:00\" \/>\n<meta name=\"twitter:card\" content=\"summary_large_image\" \/>\n<meta name=\"twitter:label1\" content=\"Gesch\u00e4tzte Lesezeit\" \/>\n\t<meta name=\"twitter:data1\" content=\"1\u00a0Minute\" \/>\n<script type=\"application\/ld+json\" class=\"yoast-schema-graph\">{\"@context\":\"https:\\\/\\\/schema.org\",\"@graph\":[{\"@type\":\"WebPage\",\"@id\":\"https:\\\/\\\/nein-zum-gewerbegebiet-sasserath.de\\\/index.php\\\/medien\\\/\",\"url\":\"https:\\\/\\\/nein-zum-gewerbegebiet-sasserath.de\\\/index.php\\\/medien\\\/\",\"name\":\"Medien - Nein zum Gewerbegebiet Sasserath\",\"isPartOf\":{\"@id\":\"https:\\\/\\\/nein-zum-gewerbegebiet-sasserath.de\\\/#website\"},\"datePublished\":\"2022-05-20T13:30:06+00:00\",\"dateModified\":\"2022-06-19T09:16:56+00:00\",\"breadcrumb\":{\"@id\":\"https:\\\/\\\/nein-zum-gewerbegebiet-sasserath.de\\\/index.php\\\/medien\\\/#breadcrumb\"},\"inLanguage\":\"de\",\"potentialAction\":[{\"@type\":\"ReadAction\",\"target\":[\"https:\\\/\\\/nein-zum-gewerbegebiet-sasserath.de\\\/index.php\\\/medien\\\/\"]}]},{\"@type\":\"BreadcrumbList\",\"@id\":\"https:\\\/\\\/nein-zum-gewerbegebiet-sasserath.de\\\/index.php\\\/medien\\\/#breadcrumb\",\"itemListElement\":[{\"@type\":\"ListItem\",\"position\":1,\"name\":\"Startseite\",\"item\":\"https:\\\/\\\/nein-zum-gewerbegebiet-sasserath.de\\\/\"},{\"@type\":\"ListItem\",\"position\":2,\"name\":\"Medien\"}]},{\"@type\":\"WebSite\",\"@id\":\"https:\\\/\\\/nein-zum-gewerbegebiet-sasserath.de\\\/#website\",\"url\":\"https:\\\/\\\/nein-zum-gewerbegebiet-sasserath.de\\\/\",\"name\":\"Nein zum Gewerbegebiet Sasserath\",\"description\":\"Informationen zur B\u00fcrgerinitiative Sasserath gegen das Gewerbegebeit Sasserath\",\"publisher\":{\"@id\":\"https:\\\/\\\/nein-zum-gewerbegebiet-sasserath.de\\\/#organization\"},\"potentialAction\":[{\"@type\":\"SearchAction\",\"target\":{\"@type\":\"EntryPoint\",\"urlTemplate\":\"https:\\\/\\\/nein-zum-gewerbegebiet-sasserath.de\\\/?s={search_term_string}\"},\"query-input\":{\"@type\":\"PropertyValueSpecification\",\"valueRequired\":true,\"valueName\":\"search_term_string\"}}],\"inLanguage\":\"de\"},{\"@type\":\"Organization\",\"@id\":\"https:\\\/\\\/nein-zum-gewerbegebiet-sasserath.de\\\/#organization\",\"name\":\"B\u00fcrgerinitative Sasserath\",\"url\":\"https:\\\/\\\/nein-zum-gewerbegebiet-sasserath.de\\\/\",\"logo\":{\"@type\":\"ImageObject\",\"inLanguage\":\"de\",\"@id\":\"https:\\\/\\\/nein-zum-gewerbegebiet-sasserath.de\\\/#\\\/schema\\\/logo\\\/image\\\/\",\"url\":\"https:\\\/\\\/nein-zum-gewerbegebiet-sasserath.de\\\/wp-content\\\/uploads\\\/2022\\\/05\\\/logo.jpg\",\"contentUrl\":\"https:\\\/\\\/nein-zum-gewerbegebiet-sasserath.de\\\/wp-content\\\/uploads\\\/2022\\\/05\\\/logo.jpg\",\"width\":1748,\"height\":1118,\"caption\":\"B\u00fcrgerinitative Sasserath\"},\"image\":{\"@id\":\"https:\\\/\\\/nein-zum-gewerbegebiet-sasserath.de\\\/#\\\/schema\\\/logo\\\/image\\\/\"}}]}<\/script>\n<!-- \/ Yoast SEO plugin. -->","yoast_head_json":{"title":"Medien - Nein zum Gewerbegebiet Sasserath","robots":{"index":"index","follow":"follow","max-snippet":"max-snippet:-1","max-image-preview":"max-image-preview:large","max-video-preview":"max-video-preview:-1"},"canonical":"https:\/\/nein-zum-gewerbegebiet-sasserath.de\/index.php\/medien\/","og_locale":"de_DE","og_type":"article","og_title":"Medien - Nein zum Gewerbegebiet Sasserath","og_description":"25.02.2022Absender: Heimatverein SchaanEmpf\u00e4nger:Bezirksregierung D\u00fcsseldorfStadt M\u00f6nchengladbachStadt J\u00fcchen 14.03.2022Absender: GrundbesitzerEmpf\u00e4nger:Bezirksregierung D\u00fcsseldorfStadt M\u00f6nchengladbachStadt J\u00fcchen 26.03.2022Absender: Heimatverein SchaanEmpf\u00e4nger:TopKurier 20.04.2022Absender: Heimatverein SchaanEmpf\u00e4nger:Bezirksregierung D\u00fcsseldorfStadt M\u00f6nchengladbachStadt J\u00fcchenRegionalrat 01.05.2022Absender: Heimatverein SchaanEmpf\u00e4nger:Bezirksregierung D\u00fcsseldorfStadt M\u00f6nchengladbachStadt J\u00fcchenRegionalrat 06.05.2022Gr\u00fcndungsveranstaltung der B\u00fcrgerinitiative 09.05.2022Absender: Heimatverein SchaanEmpf\u00e4nger:Stadt J\u00fcchen 01.06.2022Absender: Heimatverein SchaanEmpf\u00e4nger:Stadt J\u00fcchen 16.06.2022Absender: Heimatverein SchaanEmpf\u00e4nger:Bezirksregierung D\u00fcsseldorfFrau Regierungspr\u00e4sidentin Radermacher","og_url":"https:\/\/nein-zum-gewerbegebiet-sasserath.de\/index.php\/medien\/","og_site_name":"Nein zum Gewerbegebiet Sasserath","article_modified_time":"2022-06-19T09:16:56+00:00","twitter_card":"summary_large_image","twitter_misc":{"Gesch\u00e4tzte Lesezeit":"1\u00a0Minute"},"schema":{"@context":"https:\/\/schema.org","@graph":[{"@type":"WebPage","@id":"https:\/\/nein-zum-gewerbegebiet-sasserath.de\/index.php\/medien\/","url":"https:\/\/nein-zum-gewerbegebiet-sasserath.de\/index.php\/medien\/","name":"Medien - Nein zum Gewerbegebiet Sasserath","isPartOf":{"@id":"https:\/\/nein-zum-gewerbegebiet-sasserath.de\/#website"},"datePublished":"2022-05-20T13:30:06+00:00","dateModified":"2022-06-19T09:16:56+00:00","breadcrumb":{"@id":"https:\/\/nein-zum-gewerbegebiet-sasserath.de\/index.php\/medien\/#breadcrumb"},"inLanguage":"de","potentialAction":[{"@type":"ReadAction","target":["https:\/\/nein-zum-gewerbegebiet-sasserath.de\/index.php\/medien\/"]}]},{"@type":"BreadcrumbList","@id":"https:\/\/nein-zum-gewerbegebiet-sasserath.de\/index.php\/medien\/#breadcrumb","itemListElement":[{"@type":"ListItem","position":1,"name":"Startseite","item":"https:\/\/nein-zum-gewerbegebiet-sasserath.de\/"},{"@type":"ListItem","position":2,"name":"Medien"}]},{"@type":"WebSite","@id":"https:\/\/nein-zum-gewerbegebiet-sasserath.de\/#website","url":"https:\/\/nein-zum-gewerbegebiet-sasserath.de\/","name":"Nein zum Gewerbegebiet Sasserath","description":"Informationen zur B\u00fcrgerinitiative Sasserath gegen das Gewerbegebeit Sasserath","publisher":{"@id":"https:\/\/nein-zum-gewerbegebiet-sasserath.de\/#organization"},"potentialAction":[{"@type":"SearchAction","target":{"@type":"EntryPoint","urlTemplate":"https:\/\/nein-zum-gewerbegebiet-sasserath.de\/?s={search_term_string}"},"query-input":{"@type":"PropertyValueSpecification","valueRequired":true,"valueName":"search_term_string"}}],"inLanguage":"de"},{"@type":"Organization","@id":"https:\/\/nein-zum-gewerbegebiet-sasserath.de\/#organization","name":"B\u00fcrgerinitative Sasserath","url":"https:\/\/nein-zum-gewerbegebiet-sasserath.de\/","logo":{"@type":"ImageObject","inLanguage":"de","@id":"https:\/\/nein-zum-gewerbegebiet-sasserath.de\/#\/schema\/logo\/image\/","url":"https:\/\/nein-zum-gewerbegebiet-sasserath.de\/wp-content\/uploads\/2022\/05\/logo.jpg","contentUrl":"https:\/\/nein-zum-gewerbegebiet-sasserath.de\/wp-content\/uploads\/2022\/05\/logo.jpg","width":1748,"height":1118,"caption":"B\u00fcrgerinitative Sasserath"},"image":{"@id":"https:\/\/nein-zum-gewerbegebiet-sasserath.de\/#\/schema\/logo\/image\/"}}]}},"_links":{"self":[{"href":"https:\/\/nein-zum-gewerbegebiet-sasserath.de\/index.php\/wp-json\/wp\/v2\/pages\/39","targetHints":{"allow":["GET"]}}],"collection":[{"href":"https:\/\/nein-zum-gewerbegebiet-sasserath.de\/index.php\/wp-json\/wp\/v2\/pages"}],"about":[{"href":"https:\/\/nein-zum-gewerbegebiet-sasserath.de\/index.php\/wp-json\/wp\/v2\/types\/page"}],"author":[{"embeddable":true,"href":"https:\/\/nein-zum-gewerbegebiet-sasserath.de\/index.php\/wp-json\/wp\/v2\/users\/1"}],"replies":[{"embeddable":true,"href":"https:\/\/nein-zum-gewerbegebiet-sasserath.de\/index.php\/wp-json\/wp\/v2\/comments?post=39"}],"version-history":[{"count":17,"href":"https:\/\/nein-zum-gewerbegebiet-sasserath.de\/index.php\/wp-json\/wp\/v2\/pages\/39\/revisions"}],"predecessor-version":[{"id":350,"href":"https:\/\/nein-zum-gewerbegebiet-sasserath.de\/index.php\/wp-json\/wp\/v2\/pages\/39\/revisions\/350"}],"wp:attachment":[{"href":"https:\/\/nein-zum-gewerbegebiet-sasserath.de\/index.php\/wp-json\/wp\/v2\/media?parent=39"}],"curies":[{"name":"wp","href":"https:\/\/api.w.org\/{rel}","templated":true}]}}